{"id":37941,"date":"2017-03-25T14:46:04","date_gmt":"2017-03-25T14:46:04","guid":{"rendered":"http:\/\/www.grupfotograficelgra.cat\/?page_id=37941"},"modified":"2017-03-25T14:46:04","modified_gmt":"2017-03-25T14:46:04","slug":"201703-monestir-de-sant-llorenc","status":"publish","type":"page","link":"https:\/\/www.grupfotograficelgra.cat\/?page_id=37941","title":{"rendered":"201703 Monestir de Sant Lloren\u00e7"},"content":{"rendered":"<p style=\"text-align: center;\"><strong>Monestir de Sant Lloren\u00e7<\/strong><\/p>\n<p style=\"text-align: center;\"><a href=\"http:\/\/www.grupfotograficelgra.cat\/wp-content\/uploads\/2017\/03\/03-Grup-Monestir-de-Sant-Lloren\u00e7.jpg\"><img loading=\"lazy\" decoding=\"async\" class=\"aligncenter size-full wp-image-37942\" src=\"http:\/\/www.grupfotograficelgra.cat\/wp-content\/uploads\/2017\/03\/03-Grup-Monestir-de-Sant-Lloren\u00e7.jpg\" alt=\"\" width=\"1280\" height=\"848\" srcset=\"https:\/\/www.grupfotograficelgra.cat\/wp-content\/uploads\/2017\/03\/03-Grup-Monestir-de-Sant-Lloren\u00e7.jpg 1280w, https:\/\/www.grupfotograficelgra.cat\/wp-content\/uploads\/2017\/03\/03-Grup-Monestir-de-Sant-Lloren\u00e7-300x199.jpg 300w, https:\/\/www.grupfotograficelgra.cat\/wp-content\/uploads\/2017\/03\/03-Grup-Monestir-de-Sant-Lloren\u00e7-768x509.jpg 768w\" sizes=\"auto, (max-width: 1280px) 100vw, 1280px\" \/><\/a><\/p>\n<p style=\"text-align: center;\">ngg_shortcode_0_placeholder<\/p>\n<p><strong>Social<\/strong><\/p>\n<p>1r Paco Gonz\u00e1lez<br \/>\n2n Lluis Florian<br \/>\n3r Pere Farr\u00e9<\/p>\nngg_shortcode_1_placeholder\n","protected":false},"excerpt":{"rendered":"<p>Monestir de Sant Lloren\u00e7 Social 1r Paco Gonz\u00e1lez 2n Lluis Florian 3r Pere Farr\u00e9<\/p>\n","protected":false},"author":1,"featured_media":0,"parent":2401,"menu_order":0,"comment_status":"closed","ping_status":"closed","template":"","meta":{"ngg_post_thumbnail":0,"footnotes":""},"class_list":["post-37941","page","type-page","status-publish","hentry"],"_links":{"self":[{"href":"https:\/\/www.grupfotograficelgra.cat\/index.php?rest_route=\/wp\/v2\/pages\/37941","targetHints":{"allow":["GET"]}}],"collection":[{"href":"https:\/\/www.grupfotograficelgra.cat\/index.php?rest_route=\/wp\/v2\/pages"}],"about":[{"href":"https:\/\/www.grupfotograficelgra.cat\/index.php?rest_route=\/wp\/v2\/types\/page"}],"author":[{"embeddable":true,"href":"https:\/\/www.grupfotograficelgra.cat\/index.php?rest_route=\/wp\/v2\/users\/1"}],"replies":[{"embeddable":true,"href":"https:\/\/www.grupfotograficelgra.cat\/index.php?rest_route=%2Fwp%2Fv2%2Fcomments&post=37941"}],"version-history":[{"count":1,"href":"https:\/\/www.grupfotograficelgra.cat\/index.php?rest_route=\/wp\/v2\/pages\/37941\/revisions"}],"predecessor-version":[{"id":37943,"href":"https:\/\/www.grupfotograficelgra.cat\/index.php?rest_route=\/wp\/v2\/pages\/37941\/revisions\/37943"}],"up":[{"embeddable":true,"href":"https:\/\/www.grupfotograficelgra.cat\/index.php?rest_route=\/wp\/v2\/pages\/2401"}],"wp:attachment":[{"href":"https:\/\/www.grupfotograficelgra.cat\/index.php?rest_route=%2Fwp%2Fv2%2Fmedia&parent=37941"}],"curies":[{"name":"wp","href":"https:\/\/api.w.org\/{rel}","templated":true}]}}