{"id":34607,"date":"2016-12-22T19:26:20","date_gmt":"2016-12-22T19:26:20","guid":{"rendered":"http:\/\/www.grupfotograficelgra.cat\/?page_id=34607"},"modified":"2016-12-22T19:26:20","modified_gmt":"2016-12-22T19:26:20","slug":"201612-ruta-ca-noriol-can-barata","status":"publish","type":"page","link":"https:\/\/www.grupfotograficelgra.cat\/?page_id=34607","title":{"rendered":"201612 Ruta Ca n&#8217;Oriol can Barata"},"content":{"rendered":"<p style=\"text-align: center;\"><strong>Ruta Ca n&#8217;Oriol can Barata<\/strong><\/p>\n<p style=\"text-align: center;\"><a href=\"http:\/\/www.grupfotograficelgra.cat\/wp-content\/uploads\/2016\/12\/12-Grup-Ruta-Ca-nOriol-can-Barata.jpg\"><img loading=\"lazy\" decoding=\"async\" class=\"aligncenter size-full wp-image-34608\" src=\"http:\/\/www.grupfotograficelgra.cat\/wp-content\/uploads\/2016\/12\/12-Grup-Ruta-Ca-nOriol-can-Barata.jpg\" alt=\"\" width=\"1280\" height=\"853\" srcset=\"https:\/\/www.grupfotograficelgra.cat\/wp-content\/uploads\/2016\/12\/12-Grup-Ruta-Ca-nOriol-can-Barata.jpg 1280w, https:\/\/www.grupfotograficelgra.cat\/wp-content\/uploads\/2016\/12\/12-Grup-Ruta-Ca-nOriol-can-Barata-300x200.jpg 300w, https:\/\/www.grupfotograficelgra.cat\/wp-content\/uploads\/2016\/12\/12-Grup-Ruta-Ca-nOriol-can-Barata-768x512.jpg 768w\" sizes=\"auto, (max-width: 1280px) 100vw, 1280px\" \/><\/a><\/p>\n<p style=\"text-align: center;\">ngg_shortcode_0_placeholder<\/p>\n<p><strong>Social<\/strong><\/p>\n<p>1r Boni Mart\u00edn<br \/>\n1r Paco Gonz\u00e1lez<br \/>\n1r Pere Farr\u00e9<br \/>\n2n Mayte Cortina<br \/>\n3r Carles Embuena<\/p>\n<p style=\"text-align: center;\">ngg_shortcode_1_placeholder<\/p>\n","protected":false},"excerpt":{"rendered":"<p>Ruta Ca n&#8217;Oriol can Barata Social 1r Boni Mart\u00edn 1r Paco Gonz\u00e1lez 1r Pere Farr\u00e9 2n Mayte Cortina 3r Carles Embuena<\/p>\n","protected":false},"author":1,"featured_media":0,"parent":2401,"menu_order":0,"comment_status":"closed","ping_status":"closed","template":"","meta":{"ngg_post_thumbnail":0,"footnotes":""},"class_list":["post-34607","page","type-page","status-publish","hentry"],"_links":{"self":[{"href":"https:\/\/www.grupfotograficelgra.cat\/index.php?rest_route=\/wp\/v2\/pages\/34607","targetHints":{"allow":["GET"]}}],"collection":[{"href":"https:\/\/www.grupfotograficelgra.cat\/index.php?rest_route=\/wp\/v2\/pages"}],"about":[{"href":"https:\/\/www.grupfotograficelgra.cat\/index.php?rest_route=\/wp\/v2\/types\/page"}],"author":[{"embeddable":true,"href":"https:\/\/www.grupfotograficelgra.cat\/index.php?rest_route=\/wp\/v2\/users\/1"}],"replies":[{"embeddable":true,"href":"https:\/\/www.grupfotograficelgra.cat\/index.php?rest_route=%2Fwp%2Fv2%2Fcomments&post=34607"}],"version-history":[{"count":1,"href":"https:\/\/www.grupfotograficelgra.cat\/index.php?rest_route=\/wp\/v2\/pages\/34607\/revisions"}],"predecessor-version":[{"id":34609,"href":"https:\/\/www.grupfotograficelgra.cat\/index.php?rest_route=\/wp\/v2\/pages\/34607\/revisions\/34609"}],"up":[{"embeddable":true,"href":"https:\/\/www.grupfotograficelgra.cat\/index.php?rest_route=\/wp\/v2\/pages\/2401"}],"wp:attachment":[{"href":"https:\/\/www.grupfotograficelgra.cat\/index.php?rest_route=%2Fwp%2Fv2%2Fmedia&parent=34607"}],"curies":[{"name":"wp","href":"https:\/\/api.w.org\/{rel}","templated":true}]}}