{"id":278,"date":"2013-11-22T20:40:31","date_gmt":"2013-11-22T20:40:31","guid":{"rendered":"http:\/\/grupfotograficelgra.cat\/?page_id=278"},"modified":"2017-10-16T22:28:13","modified_gmt":"2017-10-16T20:28:13","slug":"activitats","status":"publish","type":"page","link":"https:\/\/www.grupfotograficelgra.cat\/?page_id=278","title":{"rendered":"Activitats"},"content":{"rendered":"<p>Activitats:<\/p>\n<p>Explica&#8217;ns el teu rotllo: ultim dijous de mes, convidat que ens explica un viatge o qualsevol tema que cadsacu vulgui explicar.<br \/>\nSortida mensual: cada dissabte de mes, sortida a les 8h del mat\u00ed de la seu de El Gra<br \/>\nSocial: Despr\u00e9s de la sortida, normalment el dimarts de la setmana seg\u00fcent, cada participant porta tres fotos individuals i tres fotos que siguin col\u00b7lecci\u00f3, i es discuteix entre tots ie es voten les que m\u00e9s ens agradin.<br \/>\nSortida de Cap de Setmana: Activitat que es va comen\u00e7ar fa dos anys, i com que te for\u00e7a \u00e9xit la seguim fent. Sortida Fotogr\u00e0fica de Cap de Setmana en casa de col\u00f2nies.<br \/>\nClasses magistrals: Classes de temes variats que tenen que veure amb la fotografia, ve una persona convidada i ens explica alguna cosa interessant sobre un tema en concret, pot ser en forma de curset o un dia concret, exemple el curset que ens va donar el Eduardo Asensio sobre la \u00abM\u00bb de la nostra c\u00e0mera.<br \/>\nAra, estem muntant un estudi fotogr\u00e0fic per fer m\u00e9s coses.<br \/>\nCol\u00b7laborancions amb altres entitats: Reportatges fotogr\u00e0fics en col\u00b7laboraci\u00f3 amb les entitats de Rubi<br \/>\nActivitats de Festa Major: Fotografia Viva, Gimcana Fotogr\u00e0fica, Concurs Clica la teva foto de Festa Major.<\/p>\n<p><strong>NORMES I CRITERIS DE VALORACI\u00d3 DELS CONCURSOS SOCIALS<\/strong><\/p>\n<p>Benvolguts companys i companyes del Grup Fotogr\u00e0fic \u00abEl Gra\u00bb, ens posem en contacte amb tots vosaltres per fer-vos saber la nova normativa i criteris de valoraci\u00f3 que hem decidit adoptar als nostres concursos socials.<\/p>\n<p><span style=\"font-size: medium;\"><span style=\"font-family: 'Century Gothic', serif;\">A partir d\u2019aquest moment les fotos per a participar en els concursos socials de la nostra entitat estaran sota aquests criteris,<\/span><\/span><\/p>\n<ol>\n<li><span style=\"font-size: medium;\"><span style=\"font-family: 'Century Gothic', serif;\">En els concursos socials nom\u00e9s s\u2019acceptaran socis.<\/span><\/span><\/li>\n<li><span style=\"font-family: 'Century Gothic', serif;\"><span style=\"font-size: medium;\">Les fotografies participants als socials s\u2019enviaran a l\u2019adre\u00e7a de correu: <a href=\"mailto:socialselgra@gmail.com\">socialselgra@gmail.com<\/a> ,on una persona que no participar\u00e0 en el concurs social, la descarregar\u00e0 i li donar\u00e0 un n\u00ba d\u2019ordre (segons arribada al correu).<\/span><\/span><\/li>\n<li><span style=\"font-size: medium;\"><span style=\"font-family: 'Century Gothic', serif;\">El venciment per enviar les fotos ser\u00e0 el dia abans al social a les 12 de la nit, despr\u00e9s d\u2019aquesta hora <\/span><span style=\"font-family: 'Century Gothic', serif;\"><b>NO<\/b><\/span><span style=\"font-family: 'Century Gothic', serif;\"> s\u2019acceptar\u00e0, sota cap criteri, cap m\u00e9s fotografia, \u00e9s a dir, si el social \u00e9s en dimarts, el dilluns d\u2019abans a les 12 de la nit expira el termini de presentaci\u00f3 de les fotos en q\u00fcesti\u00f3.<\/span><\/span><\/li>\n<li><span style=\"font-size: medium;\"><span style=\"font-family: 'Century Gothic', serif;\">Totes les fotos presentades als concursos socials seran penjades a la web de \u201cEl Gra\u201d amb l\u2019anagrama de \u201cEl Gra\u201d.<\/span><\/span><\/li>\n<li><span style=\"font-size: medium;\"><span style=\"font-family: 'Century Gothic', serif;\">El grup fotogr\u00e0fic \u201cEl Gra\u201d es reserva el dret de publicar les fotos dels concursos socials als mitjans de comunicaci\u00f3 que estimi oport\u00fa.<\/span><\/span><\/li>\n<li><span style=\"font-size: medium;\"><span style=\"font-family: 'Century Gothic', serif;\">Qualsevol anomalia que es pugui produir en algun concurs social la Junta tindr\u00e0 la potestat de resoldre-ho.<\/span><\/span><\/li>\n<\/ol>\n<p><span style=\"font-size: medium;\"><span style=\"font-family: 'Century Gothic', serif;\">Es considerar\u00e0 col\u00b7lecci\u00f3 sota les dues premisses seg\u00fcents:<\/span><\/span><\/p>\n<ul>\n<li><span style=\"font-size: medium;\"><span style=\"font-family: 'Century Gothic', serif;\">3 fotos que s\u2019hagin fet en la sortida corresponent i que tinguin quelcom en com\u00fa. (Exemple: Sortida a la Sagrada Fam\u00edlia, 3 fotos de columnes, e fotos de vidrieres, etc)<\/span><\/span><\/li>\n<li><span style=\"font-size: medium;\"><span style=\"font-family: 'Century Gothic', serif;\">3 fotos que es faci d\u2019un mateix element vist des d tres punts de vista diferents. (Exemple: Si es fotografia una columna, tres fotos de la mateixa columna des de tres punts de vista diferents).<\/span><\/span><\/li>\n<\/ul>\n<p><span style=\"font-size: medium;\"><span style=\"font-family: 'Century Gothic', serif;\">Recordeu que de les fotos de les sortides, tots els socis poden enviar les que vulguin al correu de \u201cEl Gra\u201d per poder-les penjar a la web (sense marques d\u2019aigua ni nom, el nostre company encarregat de la web, us ho agrair\u00e0. <\/span><\/span><\/p>\n<p><span style=\"font-size: medium;\"><span style=\"font-family: 'Century Gothic', serif;\">Grup Fotogr\u00e0fic \u201cEl Gra\u201d<\/span><\/span><\/p>\n<p><span style=\"font-size: medium;\"><span style=\"font-family: 'Century Gothic', serif;\">La Junta<\/span><\/span><\/p>\n<p>&nbsp;<\/p>\n<p>&nbsp;<\/p>\n<p>&nbsp;<\/p>\n<h1><span style=\"color: #000000; font-family: Verdana, Arial, Helvetica, sans-serif; font-size: 12px; font-style: normal; font-variant: normal; font-weight: normal; letter-spacing: normal; line-height: normal; orphans: auto; text-align: start; text-indent: 0px; text-transform: none; white-space: normal; widows: auto; word-spacing: 0px; -webkit-text-stroke-width: 0px; background-color: #f7f7f7; display: inline !important; float: none;\">&nbsp;<\/span><\/h1>\n","protected":false},"excerpt":{"rendered":"<p>Activitats: Explica&#8217;ns el teu rotllo: ultim dijous de mes, convidat que ens explica un viatge o qualsevol tema que cadsacu vulgui explicar. Sortida mensual: cada dissabte de mes, sortida a les 8h del mat\u00ed de la seu de El Gra &hellip; <a href=\"https:\/\/www.grupfotograficelgra.cat\/?page_id=278\">Sigue leyendo <span class=\"meta-nav\">&rarr;<\/span><\/a><\/p>\n","protected":false},"author":1,"featured_media":21461,"parent":0,"menu_order":0,"comment_status":"open","ping_status":"open","template":"","meta":{"ngg_post_thumbnail":0,"footnotes":""},"class_list":["post-278","page","type-page","status-publish","has-post-thumbnail","hentry"],"_links":{"self":[{"href":"https:\/\/www.grupfotograficelgra.cat\/index.php?rest_route=\/wp\/v2\/pages\/278","targetHints":{"allow":["GET"]}}],"collection":[{"href":"https:\/\/www.grupfotograficelgra.cat\/index.php?rest_route=\/wp\/v2\/pages"}],"about":[{"href":"https:\/\/www.grupfotograficelgra.cat\/index.php?rest_route=\/wp\/v2\/types\/page"}],"author":[{"embeddable":true,"href":"https:\/\/www.grupfotograficelgra.cat\/index.php?rest_route=\/wp\/v2\/users\/1"}],"replies":[{"embeddable":true,"href":"https:\/\/www.grupfotograficelgra.cat\/index.php?rest_route=%2Fwp%2Fv2%2Fcomments&post=278"}],"version-history":[{"count":4,"href":"https:\/\/www.grupfotograficelgra.cat\/index.php?rest_route=\/wp\/v2\/pages\/278\/revisions"}],"predecessor-version":[{"id":41756,"href":"https:\/\/www.grupfotograficelgra.cat\/index.php?rest_route=\/wp\/v2\/pages\/278\/revisions\/41756"}],"wp:featuredmedia":[{"embeddable":true,"href":"https:\/\/www.grupfotograficelgra.cat\/index.php?rest_route=\/wp\/v2\/media\/21461"}],"wp:attachment":[{"href":"https:\/\/www.grupfotograficelgra.cat\/index.php?rest_route=%2Fwp%2Fv2%2Fmedia&parent=278"}],"curies":[{"name":"wp","href":"https:\/\/api.w.org\/{rel}","templated":true}]}}