{"id":21437,"date":"2015-12-23T22:53:10","date_gmt":"2015-12-23T22:53:10","guid":{"rendered":"http:\/\/www.grupfotograficelgra.cat\/?page_id=21437"},"modified":"2015-12-23T22:53:10","modified_gmt":"2015-12-23T22:53:10","slug":"201512-torrota-de-lobac-i-pou-de-glac","status":"publish","type":"page","link":"https:\/\/www.grupfotograficelgra.cat\/?page_id=21437","title":{"rendered":"201512 Torrota de l\u2019Obac i Pou de Gla\u00e7"},"content":{"rendered":"<p style=\"text-align: center;\"><strong><span class=\"hiddenSpellError\">Torrota<\/span> de l\u2019Obac i Pou de Gla\u00e7<\/strong><\/p>\n<p style=\"text-align: center;\"><img loading=\"lazy\" decoding=\"async\" class=\"aligncenter size-full wp-image-21438\" src=\"http:\/\/www.grupfotograficelgra.cat\/wp-content\/uploads\/2015\/12\/12-Grup-Torrota-de-Obac-i-Pou-de-Glas.jpg\" alt=\"12 Grup Torrota de Obac i Pou de Glas\" width=\"1280\" height=\"853\" srcset=\"https:\/\/www.grupfotograficelgra.cat\/wp-content\/uploads\/2015\/12\/12-Grup-Torrota-de-Obac-i-Pou-de-Glas.jpg 1280w, https:\/\/www.grupfotograficelgra.cat\/wp-content\/uploads\/2015\/12\/12-Grup-Torrota-de-Obac-i-Pou-de-Glas-300x200.jpg 300w, https:\/\/www.grupfotograficelgra.cat\/wp-content\/uploads\/2015\/12\/12-Grup-Torrota-de-Obac-i-Pou-de-Glas-768x512.jpg 768w\" sizes=\"auto, (max-width: 1280px) 100vw, 1280px\" \/>ngg_shortcode_0_placeholder<\/p>\n<p style=\"text-align: left;\"><strong>Social<\/strong><\/p>\n<p>1er Boni Mart\u00edn<br \/>\n2on Rosa C\u00edvico<br \/>\n3er Pere Farr\u00e9<\/p>\nngg_shortcode_1_placeholder\n","protected":false},"excerpt":{"rendered":"<p>Torrota de l\u2019Obac i Pou de Gla\u00e7 Social 1er Boni Mart\u00edn 2on Rosa C\u00edvico 3er Pere Farr\u00e9<\/p>\n","protected":false},"author":1,"featured_media":0,"parent":2401,"menu_order":0,"comment_status":"closed","ping_status":"closed","template":"","meta":{"ngg_post_thumbnail":0,"footnotes":""},"class_list":["post-21437","page","type-page","status-publish","hentry"],"_links":{"self":[{"href":"https:\/\/www.grupfotograficelgra.cat\/index.php?rest_route=\/wp\/v2\/pages\/21437","targetHints":{"allow":["GET"]}}],"collection":[{"href":"https:\/\/www.grupfotograficelgra.cat\/index.php?rest_route=\/wp\/v2\/pages"}],"about":[{"href":"https:\/\/www.grupfotograficelgra.cat\/index.php?rest_route=\/wp\/v2\/types\/page"}],"author":[{"embeddable":true,"href":"https:\/\/www.grupfotograficelgra.cat\/index.php?rest_route=\/wp\/v2\/users\/1"}],"replies":[{"embeddable":true,"href":"https:\/\/www.grupfotograficelgra.cat\/index.php?rest_route=%2Fwp%2Fv2%2Fcomments&post=21437"}],"version-history":[{"count":2,"href":"https:\/\/www.grupfotograficelgra.cat\/index.php?rest_route=\/wp\/v2\/pages\/21437\/revisions"}],"predecessor-version":[{"id":21440,"href":"https:\/\/www.grupfotograficelgra.cat\/index.php?rest_route=\/wp\/v2\/pages\/21437\/revisions\/21440"}],"up":[{"embeddable":true,"href":"https:\/\/www.grupfotograficelgra.cat\/index.php?rest_route=\/wp\/v2\/pages\/2401"}],"wp:attachment":[{"href":"https:\/\/www.grupfotograficelgra.cat\/index.php?rest_route=%2Fwp%2Fv2%2Fmedia&parent=21437"}],"curies":[{"name":"wp","href":"https:\/\/api.w.org\/{rel}","templated":true}]}}