{"id":20842,"date":"2015-11-13T21:54:15","date_gmt":"2015-11-13T21:54:15","guid":{"rendered":"http:\/\/www.grupfotograficelgra.cat\/?page_id=20842"},"modified":"2015-11-13T21:54:15","modified_gmt":"2015-11-13T21:54:15","slug":"201510-torrent-de-colobrers","status":"publish","type":"page","link":"https:\/\/www.grupfotograficelgra.cat\/?page_id=20842","title":{"rendered":"201510 Torrent de Colobrers"},"content":{"rendered":"<p style=\"text-align: center;\"><strong>Torrent de Colobrers<\/strong><\/p>\n<p style=\"text-align: center;\"><a href=\"http:\/\/www.grupfotograficelgra.cat\/wp-content\/uploads\/2015\/11\/10-Grup-Torrent-de-Colobres.jpg\"><img loading=\"lazy\" decoding=\"async\" class=\"aligncenter  wp-image-20843\" src=\"http:\/\/www.grupfotograficelgra.cat\/wp-content\/uploads\/2015\/11\/10-Grup-Torrent-de-Colobres.jpg\" alt=\"10 Grup Torrent de Colobres\" width=\"553\" height=\"369\" srcset=\"https:\/\/www.grupfotograficelgra.cat\/wp-content\/uploads\/2015\/11\/10-Grup-Torrent-de-Colobres.jpg 1280w, https:\/\/www.grupfotograficelgra.cat\/wp-content\/uploads\/2015\/11\/10-Grup-Torrent-de-Colobres-300x200.jpg 300w\" sizes=\"auto, (max-width: 553px) 100vw, 553px\" \/><\/a><\/p>\n<p style=\"text-align: center;\">ngg_shortcode_0_placeholder<\/p>\n<h3><strong>Social individual<\/strong><\/h3>\n<p>Les fotografies presentades i les guanyadores<\/p>\n<p>1er Joaquim Ferrer<br \/>\n2on Rosa C\u00edvico<br \/>\n3er Vi\u00e7ens Bad\u00eda<\/p>\nngg_shortcode_1_placeholder\n<h3><strong>Social Col\u00b7leccio<\/strong><\/h3>\n<p>Les fotografies presentades i les guanyadores<\/p>\n<p>1er Emiliano Miguel<br \/>\n2on Pere Farre<br \/>\n2on Elisa Lucas<br \/>\n3er Boni Mart\u00edn<\/p>\nngg_shortcode_2_placeholder\n<p style=\"text-align: center;\">\n","protected":false},"excerpt":{"rendered":"<p>Torrent de Colobrers Social individual Les fotografies presentades i les guanyadores 1er Joaquim Ferrer 2on Rosa C\u00edvico 3er Vi\u00e7ens Bad\u00eda Social Col\u00b7leccio Les fotografies presentades i les guanyadores 1er Emiliano Miguel 2on Pere Farre 2on Elisa Lucas 3er Boni Mart\u00edn<\/p>\n","protected":false},"author":1,"featured_media":0,"parent":2909,"menu_order":0,"comment_status":"closed","ping_status":"closed","template":"","meta":{"ngg_post_thumbnail":0,"footnotes":""},"class_list":["post-20842","page","type-page","status-publish","hentry"],"_links":{"self":[{"href":"https:\/\/www.grupfotograficelgra.cat\/index.php?rest_route=\/wp\/v2\/pages\/20842","targetHints":{"allow":["GET"]}}],"collection":[{"href":"https:\/\/www.grupfotograficelgra.cat\/index.php?rest_route=\/wp\/v2\/pages"}],"about":[{"href":"https:\/\/www.grupfotograficelgra.cat\/index.php?rest_route=\/wp\/v2\/types\/page"}],"author":[{"embeddable":true,"href":"https:\/\/www.grupfotograficelgra.cat\/index.php?rest_route=\/wp\/v2\/users\/1"}],"replies":[{"embeddable":true,"href":"https:\/\/www.grupfotograficelgra.cat\/index.php?rest_route=%2Fwp%2Fv2%2Fcomments&post=20842"}],"version-history":[{"count":2,"href":"https:\/\/www.grupfotograficelgra.cat\/index.php?rest_route=\/wp\/v2\/pages\/20842\/revisions"}],"predecessor-version":[{"id":20977,"href":"https:\/\/www.grupfotograficelgra.cat\/index.php?rest_route=\/wp\/v2\/pages\/20842\/revisions\/20977"}],"up":[{"embeddable":true,"href":"https:\/\/www.grupfotograficelgra.cat\/index.php?rest_route=\/wp\/v2\/pages\/2909"}],"wp:attachment":[{"href":"https:\/\/www.grupfotograficelgra.cat\/index.php?rest_route=%2Fwp%2Fv2%2Fmedia&parent=20842"}],"curies":[{"name":"wp","href":"https:\/\/api.w.org\/{rel}","templated":true}]}}